{"id":264,"date":"2014-04-25T21:24:03","date_gmt":"2014-04-25T21:24:03","guid":{"rendered":"http:\/\/semdestino-viagens.pt\/?page_id=264&#038;lang=pt"},"modified":"2014-04-29T17:43:04","modified_gmt":"2014-04-29T17:43:04","slug":"falar","status":"publish","type":"page","link":"https:\/\/semdestino-viagens.pt\/?page_id=264&lang=pt","title":{"rendered":"Falar"},"content":{"rendered":"<div style=\"background-image: url('http:\/\/semdestino-viagens.pt\/wp-content\/uploads\/Background.jpg');background-repeat: no-repeat;background-size: 100% 100%;\"><h2>Aqui pode deixar Opini\u00f5es e sugest\u00f5es .<\/h2>\n<h2><span style=\"color: #444444;\">Agradecemos a vossa disponibilidade em ajudar a melhorar os nossos servi\u00e7os,\u00a0<\/span>bem como deixar um coment\u00e1rio sobre o que acharam dos nossos Tours.<\/h2>\n<\/div>","protected":false},"excerpt":{"rendered":"<p>Aqui pode deixar Opini\u00f5es e sugest\u00f5es . Agradecemos a vossa disponibilidade em ajudar a melhorar os nossos servi\u00e7os,\u00a0bem como deixar um coment\u00e1rio sobre o que acharam dos nossos Tours.<\/p>\n","protected":false},"author":1,"featured_media":0,"parent":0,"menu_order":11,"comment_status":"open","ping_status":"open","template":"","meta":[],"_links":{"self":[{"href":"https:\/\/semdestino-viagens.pt\/index.php?rest_route=\/wp\/v2\/pages\/264"}],"collection":[{"href":"https:\/\/semdestino-viagens.pt\/index.php?rest_route=\/wp\/v2\/pages"}],"about":[{"href":"https:\/\/semdestino-viagens.pt\/index.php?rest_route=\/wp\/v2\/types\/page"}],"author":[{"embeddable":true,"href":"https:\/\/semdestino-viagens.pt\/index.php?rest_route=\/wp\/v2\/users\/1"}],"replies":[{"embeddable":true,"href":"https:\/\/semdestino-viagens.pt\/index.php?rest_route=%2Fwp%2Fv2%2Fcomments&post=264"}],"version-history":[{"count":6,"href":"https:\/\/semdestino-viagens.pt\/index.php?rest_route=\/wp\/v2\/pages\/264\/revisions"}],"predecessor-version":[{"id":288,"href":"https:\/\/semdestino-viagens.pt\/index.php?rest_route=\/wp\/v2\/pages\/264\/revisions\/288"}],"wp:attachment":[{"href":"https:\/\/semdestino-viagens.pt\/index.php?rest_route=%2Fwp%2Fv2%2Fmedia&parent=264"}],"curies":[{"name":"wp","href":"https:\/\/api.w.org\/{rel}","templated":true}]}}