{"id":22,"date":"2014-04-07T21:17:05","date_gmt":"2014-04-07T21:17:05","guid":{"rendered":"http:\/\/semdestino-viagens.pt\/?page_id=22"},"modified":"2014-05-27T14:08:10","modified_gmt":"2014-05-27T14:08:10","slug":"termos-condicoes","status":"publish","type":"page","link":"https:\/\/semdestino-viagens.pt\/?page_id=22&lang=pt","title":{"rendered":"TERMOS CONDI\u00c7\u00d5ES"},"content":{"rendered":"<div style=\"background-repeat: no-repeat;background-size: 100% 100%;\r\n\"><p style=\"text-align: justify;\">Notas &#8211; somos respons\u00e1veis pelo presente programa. Cada viagem foi escolhida para oferecer a melhor qualidade ao melhor pre\u00e7o.<\/p>\n<p style=\"text-align: justify;\">Esta empresa esta segurada de acordo com a legisla\u00e7\u00e3o portuguesa atrav\u00e9s da caixa agr\u00edcola seguros.<\/p>\n<p style=\"text-align: justify;\">Esta empresa n\u00e3o se responsabiliza por qualquer perda ou estragos que n\u00e3o estejam ligados ou provocados diretamente pelos nossos servi\u00e7os.<\/p>\n<p style=\"text-align: justify;\">Reservas \u2013 poder\u00e3o ser efetuadas todos os dias a qualquer hora.<\/p>\n<p style=\"text-align: justify;\">Participantes m\u00ednimos por passeio \u00e9 de 4 pessoas .<\/p>\n<p style=\"text-align: justify;\">Reservamos o direito de cancelar qualquer passeio que n\u00e3o tenha o m\u00ednimo de 4 participantes at\u00e9 as 21 horas do dia anterior ao passeio.<\/p>\n<p style=\"text-align: justify;\">Os nossos tours s\u00e3o realizados em mini bus turismo de 8 lugares.<\/p>\n<p style=\"text-align: justify;\">Crian\u00e7as at\u00e9 aos 6 anos gr\u00e1tis e 40% desconto dos 6 aos12 anos.<\/p>\n<p style=\"text-align: justify;\">Almo\u00e7o e lanche n\u00e3o inclu\u00eddo nas crian\u00e7as ate aos 6 anos.<\/p>\n<p style=\"text-align: justify;\">Dispon\u00edveis apenas 2 assentos exigidos por lei para crian\u00e7as por viatura.<\/p>\n<p style=\"text-align: justify;\">Todos os nossos passeios t\u00eam almo\u00e7os e entradas em museus ou monumentos de interesse tur\u00edstico inclu\u00eddos nos nossos pre\u00e7os expeto quando na mem\u00f3ria descritiva mencione almo\u00e7o e entradas em museus n\u00e3o inclu\u00eddos.<\/p>\n<p style=\"text-align: justify;\">Disponibilidade: di\u00e1ria.<\/p>\n<p>SEMDESTINO-VIAGENS TUR\u00cdSTICAS AD\u00c3O, UNIP, LDA<\/p>\n<p>RUA CENTRAL \u2116 1310 R\/C DT\u00ba<\/p>\n<p>4485-932 MOSTEIR\u00d3 VILA DO CONDE<\/p>\n<p>TEL 00351 918128153<\/p>\n<p>AGENTE DE ANIMA\u00c7\u00c3O TUR\u00cdSTICA<\/p>\n<p>REGISTO N\u00ba 66\/2014<\/p>\n<\/div>","protected":false},"excerpt":{"rendered":"<p>Notas &#8211; somos respons\u00e1veis pelo presente programa. Cada viagem foi escolhida para oferecer a melhor qualidade ao melhor pre\u00e7o. Esta empresa esta segurada de acordo com a legisla\u00e7\u00e3o portuguesa atrav\u00e9s da caixa agr\u00edcola seguros. Esta empresa n\u00e3o se responsabiliza por qualquer perda ou estragos que n\u00e3o estejam ligados ou provocados diretamente pelos nossos servi\u00e7os. Reservas [&hellip;]<\/p>\n","protected":false},"author":1,"featured_media":0,"parent":14,"menu_order":1,"comment_status":"closed","ping_status":"closed","template":"","meta":[],"_links":{"self":[{"href":"https:\/\/semdestino-viagens.pt\/index.php?rest_route=\/wp\/v2\/pages\/22"}],"collection":[{"href":"https:\/\/semdestino-viagens.pt\/index.php?rest_route=\/wp\/v2\/pages"}],"about":[{"href":"https:\/\/semdestino-viagens.pt\/index.php?rest_route=\/wp\/v2\/types\/page"}],"author":[{"embeddable":true,"href":"https:\/\/semdestino-viagens.pt\/index.php?rest_route=\/wp\/v2\/users\/1"}],"replies":[{"embeddable":true,"href":"https:\/\/semdestino-viagens.pt\/index.php?rest_route=%2Fwp%2Fv2%2Fcomments&post=22"}],"version-history":[{"count":2,"href":"https:\/\/semdestino-viagens.pt\/index.php?rest_route=\/wp\/v2\/pages\/22\/revisions"}],"predecessor-version":[{"id":25,"href":"https:\/\/semdestino-viagens.pt\/index.php?rest_route=\/wp\/v2\/pages\/22\/revisions\/25"}],"up":[{"embeddable":true,"href":"https:\/\/semdestino-viagens.pt\/index.php?rest_route=\/wp\/v2\/pages\/14"}],"wp:attachment":[{"href":"https:\/\/semdestino-viagens.pt\/index.php?rest_route=%2Fwp%2Fv2%2Fmedia&parent=22"}],"curies":[{"name":"wp","href":"https:\/\/api.w.org\/{rel}","templated":true}]}}

TERMOS CONDIÇÕES

<div style="background-repeat: no-repeat;background-size: 100% 100%;
"><p style="text-align: justify;">Notas &#8211; somos responsáveis pelo presente programa. Cada viagem foi escolhida para oferecer a melhor qualidade ao melhor preço.</p>
<p style="text-align: justify;">Esta empresa esta segurada de acordo com a legislação portuguesa através da caixa agrícola seguros.</p>
<p style="text-align: justify;">Esta empresa não se responsabiliza por qualquer perda ou estragos que não estejam ligados ou provocados diretamente pelos nossos serviços.</p>
<p style="text-align: justify;">Reservas – poderão ser efetuadas todos os dias a qualquer hora.</p>
<p style="text-align: justify;">Participantes mínimos por passeio é de 4 pessoas .</p>
<p style="text-align: justify;">Reservamos o direito de cancelar qualquer passeio que não tenha o mínimo de 4 participantes até as 21 horas do dia anterior ao passeio.</p>
<p style="text-align: justify;">Os nossos tours são realizados em mini bus turismo de 8 lugares.</p>
<p style="text-align: justify;">Crianças até aos 6 anos grátis e 40% desconto dos 6 aos12 anos.</p>
<p style="text-align: justify;">Almoço e lanche não incluído nas crianças ate aos 6 anos.</p>
<p style="text-align: justify;">Disponíveis apenas 2 assentos exigidos por lei para crianças por viatura.</p>
<p style="text-align: justify;">Todos os nossos passeios têm almoços e entradas em museus ou monumentos de interesse turístico incluídos nos nossos preços expeto quando na memória descritiva mencione almoço e entradas em museus não incluídos.</p>
<p style="text-align: justify;">Disponibilidade: diária.</p>
<p>SEMDESTINO-VIAGENS TURÍSTICAS ADÃO, UNIP, LDA</p>
<p>RUA CENTRAL № 1310 R/C DTº</p>
<p>4485-932 MOSTEIRÓ VILA DO CONDE</p>
<p>TEL 00351 918128153</p>
<p>AGENTE DE ANIMAÇÃO TURÍSTICA</p>
<p>REGISTO Nº 66/2014</p>
</div>

<p>Notas &#8211; somos responsáveis pelo presente programa. Cada viagem foi escolhida para oferecer a melhor qualidade ao melhor preço. Esta empresa esta segurada de acordo com a legislação portuguesa através da caixa agrícola seguros. Esta empresa não se responsabiliza por qualquer perda ou estragos que não estejam ligados ou provocados diretamente pelos nossos serviços. Reservas [&hellip;]</p>
