{"id":138,"date":"2014-04-09T13:46:45","date_gmt":"2014-04-09T13:46:45","guid":{"rendered":"http:\/\/semdestino-viagens.pt\/?page_id=138"},"modified":"2014-06-01T16:04:46","modified_gmt":"2014-06-01T16:04:46","slug":"138-2","status":"publish","type":"page","link":"https:\/\/semdestino-viagens.pt\/?page_id=138&lang=pt","title":{"rendered":"SEMDESTINO TOUR"},"content":{"rendered":"<div style=\"background-repeat: no-repeat;background-size: 100% 100%;\"><p style=\"text-align: justify;\"><span style=\"text-decoration: underline;\">SEMDESTINO TOUR<\/span>\u00a0FOI CRIADO PARA RESPONDER A UM MERCADO DIVERSO E EXIGENTE COMO TURISMO, EMPRESAS, OU GRUPOS DE AMIGOS, E RESPONDER AOS MAIORES DESEJOS. VAMOS ONDE O CLIENTE PRETENDE. EX: TRANSPORTE PARA EVENTOS, VISITAS A MUSEUS, ROTAS TEM\u00c1TICAS, ROTAS GASTRON\u00d3MICAS OU ACOMPANHAMENTO DE PESSOAS EM REUNI\u00d5ES DE NEG\u00d3CIOS. OFERECEMOS VIATURAS RECENTES COM TODO O CONFORTO ABORDO AR CONDICIONADO INDEPENDENTE E INTERNET. COM MOTORISTA SEMPRE \u00c0 DISPOSI\u00c7\u00c3O E 7 LUGARES DISPON\u00cdVEIS. EFETUAMOS RESERVA EM RESTAURANTES, MUSEUS E OUTROS EVENTOS.<\/p>\n<p style=\"text-align: justify;\">Pre\u00e7o\u00a0sob\u00a0consulta<strong><em>\u00a0\u00a0\u00a0\u00a0\u00a0\u00a0\u00a0\u00a0\u00a0\u00a0\u00a0\u00a0\u00a0\u00a0\u00a0\u00a0\u00a0\u00a0\u00a0\u00a0\u00a0\u00a0\u00a0\u00a0\u00a0\u00a0\u00a0\u00a0\u00a0\u00a0\u00a0\u00a0\u00a0\u00a0\u00a0\u00a0\u00a0\u00a0\u00a0\u00a0\u00a0\u00a0\u00a0\u00a0\u00a0\u00a0\u00a0\u00a0\u00a0\u00a0\u00a0\u00a0\u00a0\u00a0\u00a0\u00a0\u00a0\u00a0\u00a0\u00a0\u00a0\u00a0\u00a0\u00a0\u00a0\u00a0\u00a0\u00a0\u00a0\u00a0\u00a0\u00a0\u00a0\u00a0\u00a0\u00a0\u00a0\u00a0\u00a0\u00a0\u00a0\u00a0\u00a0\u00a0\u00a0\u00a0\u00a0\u00a0\u00a0\u00a0\u00a0\u00a0\u00a0\u00a0\u00a0\u00a0\u00a0\u00a0\u00a0\u00a0\u00a0\u00a0\u00a0\u00a0\u00a0\u00a0\u00a0\u00a0\u00a0\u00a0\u00a0\u00a0\u00a0\u00a0\u00a0\u00a0\u00a0\u00a0\u00a0\u00a0\u00a0\u00a0\u00a0\u00a0\u00a0\u00a0\u00a0\u00a0\u00a0\u00a0\u00a0\u00a0\u00a0\u00a0\u00a0\u00a0\u00a0\u00a0\u00a0\u00a0\u00a0\u00a0\u00a0\u00a0\u00a0\u00a0\u00a0\u00a0\u00a0\u00a0\u00a0\u00a0\u00a0<\/em><\/strong><\/p>\n<p style=\"text-align: justify;\"><strong><em>Reserva Obrigat\u00f3ria\u00a0\u00a0\u00a0\u00a0\u00a0\u00a0\u00a0\u00a0\u00a0\u00a0\u00a0\u00a0\u00a0\u00a0\u00a0\u00a0\u00a0\u00a0\u00a0\u00a0\u00a0\u00a0\u00a0\u00a0\u00a0\u00a0\u00a0\u00a0\u00a0\u00a0\u00a0\u00a0\u00a0\u00a0\u00a0\u00a0\u00a0\u00a0\u00a0\u00a0\u00a0\u00a0\u00a0\u00a0\u00a0\u00a0\u00a0\u00a0\u00a0\u00a0\u00a0\u00a0\u00a0\u00a0\u00a0\u00a0\u00a0\u00a0\u00a0\u00a0\u00a0\u00a0\u00a0\u00a0\u00a0\u00a0\u00a0\u00a0\u00a0\u00a0\u00a0\u00a0\u00a0\u00a0\u00a0\u00a0\u00a0\u00a0\u00a0\u00a0\u00a0\u00a0\u00a0\u00a0\u00a0\u00a0\u00a0\u00a0\u00a0\u00a0\u00a0\u00a0\u00a0\u00a0\u00a0\u00a0\u00a0\u00a0\u00a0\u00a0\u00a0\u00a0\u00a0\u00a0\u00a0\u00a0\u00a0\u00a0\u00a0\u00a0\u00a0\u00a0\u00a0\u00a0\u00a0\u00a0\u00a0\u00a0\u00a0\u00a0\u00a0\u00a0\u00a0\u00a0\u00a0\u00a0<\/em><\/strong><strong><em>\u00a0<\/em><\/strong><\/p>\n<p style=\"text-align: justify;\"><em>NOTA: este programa foi escolhido para oferecer a melhor qualidade ao melhor pre\u00e7o. Somos respons\u00e1veis esta empresa esta segura de acordo com a legisla\u00e7\u00e3o portuguesa atrav\u00e9s da caixa agr\u00edcola seguros. Esta empresa n\u00e3o se responsabiliza por qualquer perda ou estragos que n\u00e3o estejam ligados ou provocados diretamente pelos nossos \u00a0servi\u00e7os.\u00a0\u00a0\u00a0\u00a0\u00a0\u00a0\u00a0\u00a0\u00a0\u00a0\u00a0\u00a0\u00a0\u00a0\u00a0\u00a0\u00a0\u00a0\u00a0\u00a0\u00a0\u00a0\u00a0\u00a0\u00a0\u00a0\u00a0\u00a0\u00a0\u00a0<\/em><\/p>\n<p style=\"text-align: justify;\"><em>Reservas-poder\u00e3o ser efetuadas todos os dias a qual quer hora. \u00a0\u00a0<\/em><\/p>\n<p style=\"text-align: justify;\"><em>N\u00e3o tem participantes m\u00ednimos at\u00e9 ao m\u00e1ximo de 7 pessoas por viatura. \u00a0\u00a0\u00a0\u00a0\u00a0\u00a0\u00a0\u00a0\u00a0\u00a0\u00a0\u00a0\u00a0\u00a0\u00a0\u00a0\u00a0\u00a0\u00a0\u00a0\u00a0\u00a0\u00a0\u00a0\u00a0\u00a0\u00a0\u00a0\u00a0\u00a0\u00a0\u00a0\u00a0\u00a0\u00a0\u00a0\u00a0\u00a0\u00a0\u00a0\u00a0\u00a0\u00a0\u00a0\u00a0\u00a0\u00a0\u00a0\u00a0\u00a0\u00a0\u00a0\u00a0\u00a0\u00a0\u00a0\u00a0\u00a0\u00a0\u00a0\u00a0\u00a0\u00a0\u00a0\u00a0\u00a0\u00a0\u00a0\u00a0\u00a0\u00a0\u00a0\u00a0\u00a0\u00a0\u00a0\u00a0\u00a0\u00a0\u00a0\u00a0\u00a0\u00a0\u00a0\u00a0\u00a0\u00a0\u00a0\u00a0\u00a0\u00a0\u00a0\u00a0\u00a0\u00a0\u00a0\u00a0\u00a0\u00a0\u00a0\u00a0\u00a0\u00a0\u00a0\u00a0\u00a0\u00a0<\/em><\/p>\n<p style=\"text-align: justify;\"><em>Este servi\u00e7o n\u00e3o tem almo\u00e7os ou entradas inclu\u00eddas.\u00a0<\/em><\/p>\n<p>&nbsp;<\/p>\n    <style>      #bwg_container1_0 #bwg_container2_0 .image_browser_images_conteiner_0 * {        -moz-box-sizing: border-box;        box-sizing: border-box;      }      #bwg_container1_0 #bwg_container2_0 .image_browser_images_conteiner_0{\t\t\t\tbackground-color: rgba(245, 245, 245, 0.9);\t\t\t\ttext-align: center;\t\t\t\twidth: 100%;\t\t\t\tborder-style: none;\t\t\t\tborder-width: 2px;\t\t\t\tborder-color: #F7F7F7;\t\t\t\tpadding: 4px;\t\t\t\tborder-radius: 0;\t\t\t\tposition:relative;      }      #bwg_container1_0 #bwg_container2_0 .image_browser_images_0 {\t\t\t\tdisplay: inline-block;\t\t\t\t-moz-box-sizing: border-box;\t\t\t\tbox-sizing: border-box;\t\t\t\tfont-size: 0;\t\t\t\ttext-align: center;\t\t\t\tmax-width: 100%;\t\t\t\twidth: 300px;      }      #bwg_container1_0 #bwg_container2_0 .image_browser_image_buttons_conteiner_0 {\t\t\t\ttext-align: center;      }      #bwg_container1_0 #bwg_container2_0 .image_browser_image_buttons_0 {\t\t\t\tdisplay: inline-block;\t\t\t\twidth:100%;      }      #bwg_container1_0 #bwg_container2_0 .bwg_image_browser_image_0 {        background-color: rgba(235, 235, 235, 0.8);\t\t\t\ttext-align: center;\t\t\t\t\/*display: inline-block;*\/\t\t\t\tvertical-align: middle;\t\t\t\tmargin: 2px auto;\t\t\t\tpadding: 4px;\t\t\t\tborder-radius: 0;\t\t\t\tborder: 1px none #F5F5F5;\t\t\t\tbox-shadow: ;\t\t\t\t\/*z-index: 100;*\/\t\t\t\tposition: relative;      }      #bwg_container1_0 #bwg_container2_0 .bwg_image_alt_0{\t\t\t\tdisplay: table;\t\t\t\twidth: 100%;\t\t\t\tfont-size: 15px;\t\t\t\tfont-family: segoe ui;\t\t\t\tcolor: #000000;\t\t\t\ttext-align:center;\t\t\t\tpadding-left: 8px;        word-break: break-word;      }      #bwg_container1_0 #bwg_container2_0 .bwg_image_browser_img_0 {        padding: 0 !important;\t\t\t\tmax-width: 100% !important;\t\t\t\theight: inherit !important;\t\t\t\twidth: 100%;\t\t\t\t      }      @media only screen and (max-width : 320px) {\t\t\t\t#bwg_container1_0 #bwg_container2_0 .displaying-num_0 {\t\t\t\t  display: none;\t\t\t\t}\t\t\t\t#bwg_container1_0 #bwg_container2_0 .bwg_image_alt_0 {\t\t\t\t  font-size: 10px !important;\t\t\t\t}\t\t\t\t#bwg_container1_0 #bwg_container2_0 .bwg_watermark_text_0,\t\t\t\t#bwg_container1_0 #bwg_container2_0 .bwg_watermark_text_0:hover {\t\t\t\t  font-size: 10px !important;\t\t\t\t  text-decoration: none;\t\t\t\t  margin: 4px;\t\t\t\t  font-family: ;\t\t\t\t  color: # !important;\t\t\t\t  opacity: 0;\t\t\t  \tfilter: Alpha(opacity=);          text-decoration: none;\t\t\t\t  position: relative;\t\t\t\t  z-index: 10141;\t\t\t\t}\t\t\t\t#bwg_container1_0 #bwg_container2_0 .bwg_image_browser_image_description_0 {          color: #000000;\t\t\t\t  display: table;\t\t\t\t  width: 100%;\t\t\t\t  text-align: left;\t\t\t\t  font-size: 8px !important;\t\t\t\t  font-family: segoe ui;\t\t\t\t  padding: 8px 8px 8px 8px;\t\t\t\t  \/*word-break: break-all;*\/\t\t\t\t  border-style: none;\t\t\t\t  background-color: #EBEBEB;\t\t\t\t  border-radius: 0;\t\t\t\t  border-width: 1px;\t\t\t\t}\t\t\t\t#bwg_container1_0 #bwg_container2_0 .tablenav-pages_0 a {\t\t\t\t  font-size: 10px !important;\t\t\t\t}\t\t\t\t      }      \/*pagination styles*\/      #bwg_container1_0 #bwg_container2_0 .tablenav-pages_0 {\t\t\t\ttext-align: center;\t\t\t\tfont-size: 12px;\t\t\t\tfont-family: segoe ui;\t\t\t\tfont-weight: bold;\t\t\t\tcolor: #666666;\t\t\t\tmargin: 6px 0 4px;\t\t\t\tdisplay: block;\t\t\t\theight: 30px;\t\t\t\tline-height: 30px;      }      #bwg_container1_0 #bwg_container2_0 .displaying-num_0 {\t\t\t\tfont-size: 12px;\t\t\t\tfont-family: segoe ui;\t\t\t\tfont-weight: bold;\t\t\t\tcolor: #666666;\t\t\t\tmargin-right: 10px;\t\t\t\tvertical-align: middle;\t\t\t\tdisplay: none;      }      #bwg_container1_0 #bwg_container2_0 .paging-input_0 {\t\t\t\tfont-size: 12px;\t\t\t\tfont-family: segoe ui;\t\t\t\tfont-weight: bold;\t\t\t\tcolor: #666666;\t\t\t\tvertical-align: middle;      }      #bwg_container1_0 #bwg_container2_0 .tablenav-pages_0 a.disabled,      #bwg_container1_0 #bwg_container2_0 .tablenav-pages_0 a.disabled:hover,      #bwg_container1_0 #bwg_container2_0 .tablenav-pages_0 a.disabled:focus {\t\t\t\tcursor: default;\t\t\t\tcolor: rgba(102, 102, 102, 0.5);      }      #bwg_container1_0 #bwg_container2_0 .tablenav-pages_0 a.next-page:hover,      #bwg_container1_0 #bwg_container2_0 .tablenav-pages_0 a.prev-page:hover {        color: #000000;      }      #bwg_container1_0 #bwg_container2_0 .tablenav-pages_0 a {\t\t\t\tcursor: pointer;\t\t\t\tfont-size: 15px;\t\t\t\tfont-family: segoe ui;\t\t\t\tfont-weight: bold;\t\t\t\tcolor: #666666;\t\t\t\ttext-decoration: none;\t\t\t\tpadding: 0% 7%;\t\t\t\tmargin: 0;\t\t\t\tborder-radius: 0;\t\t\t\tborder-style: none;\t\t\t\tborder-width: 1px;\t\t\t\tborder-color: #E3E3E3;\t\t\t\tbackground-color: #FFFFFF;\t\t\t\topacity: 1;\t\t\t\tfilter: Alpha(opacity=100);\t\t\t\ttransition: all 0.3s ease 0s;-webkit-transition: all 0.3s ease 0s;      }      #bwg_container1_0 #bwg_container2_0 .tablenav-pages_0 .first-page,      #bwg_container1_0 #bwg_container2_0 .tablenav-pages_0 .last-page {        padding: 0% 2%; \t\t              }\t    #bwg_container1_0 #bwg_container2_0 .tablenav-pages_0 .next-page {        margin: 0% 4% 0% 0%; \t\t              }      #bwg_container1_0 #bwg_container2_0 .tablenav-pages_0 .prev-page {        margin: 0% 0% 0% 4%; \t\t              }      #bwg_container1_0 #bwg_container2_0 #spider_popup_overlay_0 {\t\t\t\tbackground-color: #000000;        opacity: 0.7;        filter: Alpha(opacity=70);      }      #bwg_container1_0 #bwg_container2_0 .bwg_image_browser_image_desp_0 {\t\t\t\tdisplay: table;\t\t\t\tclear: both;\t\t\t\ttext-align: center;        padding: 0px 5px 0px 5px;\t\t\t\twidth: 100%;      }      #bwg_container1_0 #bwg_container2_0 .bwg_image_browser_image_description_0 {        color: #000000;\t\t\t\tdisplay: table;\t\t\t\twidth: 100%;\t\t\t\ttext-align: left;\t\t\t\tfont-size: 15px;\t\t\t\tfont-family: segoe ui;\t\t\t\tpadding: 8px 8px 8px 8px;\t\t\t\tword-break: break-word;\t\t\t\tborder-style: none;\t\t\t\tbackground-color: #EBEBEB;\t\t\t\tborder-radius: 0;\t\t\t\tborder-width: 1px;      }      #bwg_container1_0 #bwg_container2_0 .bwg_image_browser_image_alt_0 {      \tdisplay:table;        clear: both;        text-align: center;        padding: 8px;        width: 100%;      }      \/*watermark*\/      #bwg_container1_0 #bwg_container2_0 .bwg_watermark_text_0,      #bwg_container1_0 #bwg_container2_0 .bwg_watermark_text_0:hover {\t\t\t\ttext-decoration: none;\t\t\t\tmargin: 4px;\t\t\t\tfont-size: px;\t\t\t\tfont-family: ;\t\t\t\tcolor: # !important;\t\t\t\topacity: 0;\t\t\t\tfilter: Alpha(opacity=);\t\t\t\tposition: relative;\t\t\t\tz-index: 10141;      }      #bwg_container1_0 #bwg_container2_0 .bwg_image_browser_image_contain_0{\t\t\t\tposition: absolute;\t\t\t\ttext-align: center;\t\t\t\tvertical-align: middle;\t\t\t\twidth: 100%;\t\t\t\theight: 100%;\t\t\t\tcursor: pointer;      }      #bwg_container1_0 #bwg_container2_0 .bwg_image_browser_watermark_contain_0{        display: table;\t\t\t\tvertical-align: middle;\t\t\t\twidth: 100%;\t\t\t\theight: 100%;      }\t       #bwg_container1_0 #bwg_container2_0 .bwg_image_browser_watermark_cont_0{        display: table-cell;\t\t\t\ttext-align: ;\t\t\t\tposition: relative;\t\t\t\tvertical-align: ;      }      #bwg_container1_0 #bwg_container2_0 .bwg_image_browser_watermark_0{\t\t\t\tdisplay: inline-block;\t\t\t\toverflow: hidden;\t\t\t\tposition: relative;\t\t\t\tvertical-align: middle;\t\t\t\tz-index: 10140;\t\t\t\twidth: px;\t\t\t\tmax-width: 0%;\t\t\t\tmargin: 10px 10px 10px 10px ;      }      #bwg_container1_0 #bwg_container2_0 .bwg_image_browser_watermark_text_0{        display: inline-block;\t\t\t\toverflow: hidden;\t\t\t\tposition: relative;\t\t\t\tvertical-align: middle;\t\t\t\tz-index: 10140;\t\t\t\tmargin: 10px 10px 10px 10px ;      }      #bwg_container1_0 #bwg_container2_0 .bwg_image_browser_watermark_img_0{\t\t\t\tmax-width: 100%;\t\t\t\topacity: 0;\t\t\t\tfilter: Alpha(opacity=);\t\t\t\tposition: relative;\t\t\t\tz-index: 10141;      }      #bwg_container1_0 #bwg_container2_0 .bwg_none_selectable {        -webkit-touch-callout: none;        -webkit-user-select: none;        -khtml-user-select: none;        -moz-user-select: none;        -ms-user-select: none;        user-select: none;      }    <\/style>    <div id=\"bwg_container1_0\">      <div id=\"bwg_container2_0\">        <form id=\"gal_front_form_0\" method=\"post\" action=\"#\">                    <div class=\"image_browser_images_conteiner_0\">            <div id=\"ajax_loading_0\" style=\"position:absolute;width: 100%; z-index: 115; text-align: center; height: 100%; vertical-align: middle; display:none;\">              <div style=\"display: table; vertical-align: middle; width: 100%; height: 100%; background-color: #FFFFFF; opacity: 0.7; filter: Alpha(opacity=70);\">                <div style=\"display: table-cell; text-align: center; position: relative; vertical-align: middle;\" >                  <div id=\"loading_div_0\" style=\"display: inline-block; text-align:center; position: relative; vertical-align: middle;\">                    <img src=\"https:\/\/semdestino-viagens.pt\/wp-content\/plugins\/photo-gallery\/images\/ajax_loader.png\" class=\"spider_ajax_loading\" style=\"float: none; width:50px;\">                  <\/div>                <\/div>              <\/div>            <\/div>            <div class=\"image_browser_images_0\" id=\"bwg_standart_thumbnails_0\" >                                <div class=\"image_browser_image_buttons_conteiner_0\">                  <div class=\"image_browser_image_buttons_0\">                    <div class=\"bwg_image_browser_image_alt_0\">                                          <\/div>                     <div class=\"bwg_image_browser_image_0\">                                              <a style=\"position:relative;\" onclick=\"spider_createpopup('https:\/\/semdestino-viagens.pt\/wp-admin\/admin-ajax.php?action=GalleryBox&current_view=0&gallery_id=3&theme_id=1&open_with_fullscreen=0&open_with_autoplay=1&image_width=800&image_height=500&image_effect=fade&sort_by=order&order_by=asc&enable_image_filmstrip=1&image_filmstrip_height=50&enable_image_ctrl_btn=0&enable_image_fullscreen=1&popup_enable_info=1&popup_info_always_show=0&popup_hit_counter=0&popup_enable_rate=0&slideshow_interval=4&enable_comment_social=1&enable_image_facebook=1&enable_image_twitter=1&enable_image_google=1&enable_image_pinterest=0&enable_image_tumblr=0&watermark_type=none&image_id=52', 0, 800, 500, 1, 'testpopup', 5); return false;\">                          <img class=\"bwg_image_browser_img_0\" src=\"https:\/\/semdestino-viagens.pt\/wp-content\/uploads\/\/photo-gallery\/SemDestinoTour.jpg\" alt=\"SemDestinoTour\" \/>                        <\/a>                                          <script>\t                      setTimeout(function(){                        jQuery('#bwg_video_frame_0').height(jQuery('#bwg_video_frame_0').width() * 0.5625);                        if (jQuery('.image_browser_images_0').width() <= 108) {                          jQuery('.paging-input_0').css('display', 'none');                        }                        if (jQuery('.image_browser_images_0').width() <= 200 && jQuery('.image_browser_images_0').width() > 108) {                          jQuery('.paging-input_0').css('display', 'inline');                          jQuery('.paging-input_0').css('margin', '0% 3% 0% 3%');                          jQuery('.tablenav-pages_0 .next-page').css('margin', '0% 0% 0% 0%');                          jQuery('.tablenav-pages_0 .prev-page').css('margin', '0% 0% 0% 0%');                        }                        else {                          if (jQuery('.image_browser_images_0').width() > 200 && jQuery('.image_browser_images_0').width() <= 580) {                            jQuery('.paging-input_0').css('display', 'inline');                            jQuery('.tablenav-pages_0 a').css('font-size', '13px');                            jQuery('.paging-input_0').css('margin', '0% 10% 0% 10%');                            jQuery('.tablenav-pages_0 .next-page').css('margin', '0% 3% 0% 0%');                            jQuery('.tablenav-pages_0 .prev-page').css('margin', '0% 0% 0% 3%');                          }                          if (jQuery('.image_browser_images_0').width() > 580) {                            jQuery('.tablenav-pages_0 a').css('font-size', '15px');                            jQuery('.paging-input_0').css('margin', '0%  17% 0%  17%');                            jQuery('.paging-input_0').css('display', 'inline');                            jQuery('.tablenav-pages_0 .next-page').css('margin', '0% 4% 0% 0%');                            jQuery('.tablenav-pages_0 .prev-page').css('margin', '0% 0% 0% 4%');                          }                        }                      }, 3);                      jQuery(window).resize(function() {                        jQuery('#bwg_video_frame_0').height(jQuery('#bwg_video_frame_0').width() * 0.5625);                        if (jQuery('.image_browser_images_0').width() <= 108) {                          jQuery('.paging-input_0').css('display', 'none');\t\t\t\t\t                          }                        if (jQuery('.image_browser_images_0').width() <= 200 && jQuery('.image_browser_images_0').width() > 108) {                          jQuery('.paging-input_0').css('margin', '0% 2% 0% 2%');                          jQuery('.paging-input_0').css('display', 'inline');                          jQuery('.tablenav-pages_0 .next-page').css('margin', '0% 0% 0% 0%');                          jQuery('.tablenav-pages_0 .prev-page').css('margin', '0% 0% 0% 0%');\t\t\t\t\t\t                        }                        else {                          if (jQuery('.image_browser_images_0').width() > 200 && jQuery('.image_browser_images_0').width() <= 580) {                            jQuery('.tablenav-pages_0 a').css('font-size', '13px');                            jQuery('.paging-input_0').css('margin', '0% 10% 0% 10%');                            jQuery('.tablenav-pages_0 .next-page').css('margin', '0% 3% 0% 0%');                            jQuery('.tablenav-pages_0 .prev-page').css('margin', '0% 0% 0% 3%');                            jQuery('.paging-input_0').css('display', 'inline');                          }                          else if (jQuery('.image_browser_images_0').width() > 580) {                            jQuery('.tablenav-pages_0 a').css('font-size', '15px');                            jQuery('.paging-input_0').css('margin', '0%  17% 0%  17%');                            jQuery('.tablenav-pages_0 .next-page').css('margin', '0% 4% 0% 0%');                            jQuery('.tablenav-pages_0 .prev-page').css('margin', '0% 0% 0% 4%');                            jQuery('.paging-input_0').css('display', 'inline');                          }                        }                      });                    <\/script>\t\t\t\t                      <\/div>                                        <\/div>                <\/div>                    <script type=\"text\/javascript\">      function spider_page_0(cur, x, y) {        if (jQuery(cur).hasClass('disabled')) {          return false;        }        var items_county_0 = 1;        switch (y) {          case 1:            if (x >= items_county_0) {              document.getElementById('page_number_0').value = items_county_0;            }            else {              document.getElementById('page_number_0').value = x + 1;            }            break;          case 2:            document.getElementById('page_number_0').value = items_county_0;            break;          case -1:            if (x == 1) {              document.getElementById('page_number_0').value = 1;            }            else {              document.getElementById('page_number_0').value = x - 1;            }            break;          case -2:            document.getElementById('page_number_0').value = 1;            break;          default:            document.getElementById('page_number_0').value = 1;        }        spider_frontend_ajax('gal_front_form_0', '0', 'bwg_standart_thumbnails_0', '0', '', 'album', 0);      }    <\/script>    <div class=\"tablenav-pages_0\">            <input type=\"hidden\" id=\"page_number_0\" name=\"page_number_0\" value=\"1\" \/>    <\/div>                <\/div>          <\/div>        <\/form>        <div id=\"spider_popup_loading_0\" class=\"spider_popup_loading\"><\/div>        <div id=\"spider_popup_overlay_0\" class=\"spider_popup_overlay\" onclick=\"spider_destroypopup(1000)\"><\/div>      <\/div>    <\/div>    <script>      jQuery(window).load(function () {                  \/* Disable right click.*\/          jQuery('div[id^=\"bwg_container\"]').bind(\"contextmenu\", function (e) {            return false;          });                });      var bwg_current_url = 'https:\/\/semdestino-viagens.pt';    <\/script>    \n<p>&nbsp;<\/p>\n<\/div>","protected":false},"excerpt":{"rendered":"<p>SEMDESTINO TOUR\u00a0FOI CRIADO PARA RESPONDER A UM MERCADO DIVERSO E EXIGENTE COMO TURISMO, EMPRESAS, OU GRUPOS DE AMIGOS, E RESPONDER AOS MAIORES DESEJOS. VAMOS ONDE O CLIENTE PRETENDE. EX: TRANSPORTE PARA EVENTOS, VISITAS A MUSEUS, ROTAS TEM\u00c1TICAS, ROTAS GASTRON\u00d3MICAS OU ACOMPANHAMENTO DE PESSOAS EM REUNI\u00d5ES DE NEG\u00d3CIOS. OFERECEMOS VIATURAS RECENTES COM TODO O CONFORTO ABORDO [&hellip;]<\/p>\n","protected":false},"author":1,"featured_media":0,"parent":29,"menu_order":8,"comment_status":"closed","ping_status":"closed","template":"","meta":[],"_links":{"self":[{"href":"https:\/\/semdestino-viagens.pt\/index.php?rest_route=\/wp\/v2\/pages\/138"}],"collection":[{"href":"https:\/\/semdestino-viagens.pt\/index.php?rest_route=\/wp\/v2\/pages"}],"about":[{"href":"https:\/\/semdestino-viagens.pt\/index.php?rest_route=\/wp\/v2\/types\/page"}],"author":[{"embeddable":true,"href":"https:\/\/semdestino-viagens.pt\/index.php?rest_route=\/wp\/v2\/users\/1"}],"replies":[{"embeddable":true,"href":"https:\/\/semdestino-viagens.pt\/index.php?rest_route=%2Fwp%2Fv2%2Fcomments&post=138"}],"version-history":[{"count":9,"href":"https:\/\/semdestino-viagens.pt\/index.php?rest_route=\/wp\/v2\/pages\/138\/revisions"}],"predecessor-version":[{"id":374,"href":"https:\/\/semdestino-viagens.pt\/index.php?rest_route=\/wp\/v2\/pages\/138\/revisions\/374"}],"up":[{"embeddable":true,"href":"https:\/\/semdestino-viagens.pt\/index.php?rest_route=\/wp\/v2\/pages\/29"}],"wp:attachment":[{"href":"https:\/\/semdestino-viagens.pt\/index.php?rest_route=%2Fwp%2Fv2%2Fmedia&parent=138"}],"curies":[{"name":"wp","href":"https:\/\/api.w.org\/{rel}","templated":true}]}}